q(-25). Let c = 25 - x. Calculate b(c).
-37
Let k(z) = -z + 12. Let w = 129 - 35. Let l = w + -94. Suppose l*v = -9*v. Calculate k(v).
12
Suppose 46 + 32 = 26*u. Suppose 26*v - 7*v = -u*v. Let b(n) = n**2 + n - 2. Determine b(v).
-2
Let x be (-13 + 14)*(0 + -5). Let j(l) = 2*l - 1. Let h(b) = b**2 + 3*b - 11. Let m be h(3). Let y(t) = 4*t - 3. Let k(c) = m*j(c) - 4*y(c). Determine k(x).
15
Let h(m) = 2*m**2 + 5*m + 3. Let q(y) = -9*y + 111. Let c(r) = 5*r - 55. Let b(n) = 11*c(n) + 6*q(n). Let k be b(-17). Suppose -k + 41 = o. What is h(o)?
6
Let t = 839 - 344. Let v = -501 + t. Let x(r) = -r**2 - 5*r + 10. Give x(v).
4
Let p(z) = -4*z + 75. Let o = 3728 - 3708. Calculate p(o).
-5
Let x(v) = -5*v + 325*v**2 + 336*v**2 + 9 + 14*v - 663*v**2. Give x(7).
-26
Let a(z) = -7*z**2 - 5*z + 4. Let l(m) = 7*m**2 - 200*m + 115. Let b be l(28). Give a(b).
-74
Let b(f) = -9*f**2 - 12*f - 18. Let o be b(-2). Let m(h) = 4*h + 111. Calculate m(o).
-9
Let i(z) = 364*z + 2177. Let d be i(-6). Let k(q) = q**3 + 6*q**2 - 4*q + 11. Determine k(d).
-10
Let o(x) = -2*x**2 + 5*x - 4. Suppose 473*d - 427*d - 106 - 78 = 0. What is o(d)?
-16
Let o be (6 - -35) + 1 + -6 + 1. Suppose -o*i + 34*i = 0. Let f(s) = 0*s - 5*s + 3 + 4*s + 2. Determine f(i).
5
Let v(x) = -x**2 + x + 3. Let d be (14/(-6))/(13/39). Let o be (-2)/((-56)/12) - (-10)/d. Let f be o + (6 - 5)*-2. Calculate v(f).
-9
Let n(z) be the first derivative of -z**3/3 + 25*z**2/2 - z - 3489. What is n(10)?
149
Let q(y) = y**2 - 7*y - 7. Let o = 2377 - 2382. Give q(o).
53
Suppose -2*o + 2*g + 8 = 0, g + 10 = o - 3*g. Let t(p) = 4*p**2 + 2*p + 12*p**o + 3*p**2 - 18*p**2. Determine t(-2).
0
Let r be 0*(-5 + 2 + 14/4). Suppose -2*y = 2*w - 30, 5*w - 2*y = -r*y + 68. Let m(z) = w*z - 3*z - 2*z - 3*z**2 - 11*z - z**3. Give m(-2).
0
Let j(i) = -4*i + 1. Let r(z) be the second derivative of -z**3 - 19*z**2/2 + 3*z. Let p be r(-3). What is j(p)?
5
Let s(x) = -x**3 - 8*x - x**2 + 0*x**3 - 1 + 9*x**2. Let w(j) = 4*j**2 - 12*j - 425. Let a be w(12). What is s(a)?
-8
Let q(d) = 3 + 6*d**2 - 19*d**2 + 12 - 16. Let f = 29 + -30. Calculate q(f).
-14
Let r(v) = v**2 - 3*v - 1. Let z(i) = 2*i**2 - 16*i + 56. Let h(c) = -3*r(c) + z(c). Calculate h(-11).
15
Let g(f) = 25*f**2 + 2441*f**3 + 34*f - 814*f**3 + 34 - 7*f - 817*f**3 - 809*f**3. What is g(-24)?
-38
Let z(x) = -6*x**2 + 2*x**2 + 52*x**3 + 2*x**2 - 53*x**3 - 4*x + 11 - 5*x**2. Calculate z(-5).
-19
Let m(h) = -h + 7. Let k(o) = o**3 - 12*o**2 + 6 - 6*o + 8*o + 2*o + 7*o. Let u be k(11). Let j be (-15)/5*(-10)/u. Determine m(j).
2
Let g = 14530 + -14525. Let f(c) = -c + 24. Give f(g).
19
Let r(i) = 8*i**2 + 3*i**3 - 1064*i + i**2 + 1 - 2*i**3 + 1073*i + 4. Let a be ((-24)/(-9))/((-3)/9). Calculate r(a).
-3
Let t(x) = -11*x**3 + 63*x**2 - 12*x - 43. Let v(b) = 5*b**3 - 29*b**2 + 6*b + 20. Let a(n) = 2*t(n) + 5*v(n). Give a(6).
14
Let m = 8859 - 8867. Let j(c) be the third derivative of -c**5/60 - 5*c**4/12 - 11*c**3/6 - 3*c**2. What is j(m)?
5
Let v(h) = 38*h - 35. Let y(p) = -93*p + 71. Let z(i) = -5*v(i) - 2*y(i). Determine z(10).
-7
Let b = -167 + 164. Let g(q) = -6*q + 4. Let x(d) = -3*d. Let o(k) = -2*g(k) + 5*x(k). What is o(b)?
1
Let d(n) = -50*n + 4 + 45*n + 18*n + 9. Let i(w) = -11*w - 12. Let c(z) = -3*d(z) - 4*i(z). Let a = 16 - 22. Give c(a).
-21
Let w(k) = 16*k + 32. Let u be 1133/(-385) - (-30)/(-525). Calculate w(u).
-16
Let k(n) = n**2 - 15*n + 32. Suppose f - 2*f + 12*f = 143. Give k(f).
6
Let r(h) be the third derivative of -1/6*h**5 + 0*h - 1/6*h**3 + 1/120*h**6 + 1/3*h**4 - 2*h**2 - 34. Determine r(9).
-10
Let u(z) be the third derivative of 0 + 0*z + 57*z**2 - 5/3*z**3 + 1/12*z**4. What is u(9)?
8
Suppose 3*r + 4*i = 8*i - 14, 5*r = -5*i - 35. Let p(q) = q**3 + 4*q**2 - 7*q - 1. Determine p(r).
-31
Let h(o) = -6*o**2 - 35*o - 64. Let m(g) = -5*g**2 - 34*g - 56. Let s(i) = -6*h(i) + 7*m(i). Determine s(28).
-8
Let r = 5612 - 5597. Let q(b) = b**2 - 10*b - 83. Give q(r).
-8
Suppose -13 + 7 = 3*f. Let n(d) be the first derivative of -d**3/3 - d**2 - 3*d + 224. Calculate n(f).
-3
Suppose 5*l + 2 = 7. Let r be (-1 - -2) + 4/l. Let m(y) = 5*y - 725. Let f(b) = -22*b + 3142. Let g(a) = -3*f(a) - 13*m(a). Give g(r).
4
Let i = 383 + -242. Let x(z) = -2 - 1 + 2 - i*z + 2 + 140*z. What is x(-10)?
11
Let i(s) = -4*s - 3 + 3*s + 1. Let x be 88/(-528) - (-94)/(-12). Give i(x).
6
Suppose -2*f - 2*f - 12 = 0. Let h be (-4)/(f + -1)*-16. Let u = h + 10. Let i(m) = -m - 7. Give i(u).
-1
Let d(c) = -5*c + 2. Let u(b) = -7*b + 4. Suppose 5*f - g = 12, -5*f - 11*g = -7*g - 27. Let x(s) = f*d(s) - 2*u(s). Give x(-3).
1
Let z(b) = -b**2 - 5*b. Let u(y) = -y**2 + 27*y - 57. Let x(h) = -2*u(h) - 2*z(h). Calculate x(6).
-6
Let h(g) = -5*g - 2. Let n(w) = 37*w + 31. Let z(t) = 6*h(t) + n(t). Give z(-10).
-51
Suppose 20*b = 4*b + 80. Let c(z) = -8*z - b*z + 1 - 2*z**2 + 25*z + z**3 - 14*z. Let l = -8 + 11. Calculate c(l).
4
Let k(u) = -2*u - 7. Suppose -4*p + 169 = s - 314, 0 = -3*p - 9. Let t = -489 + s. Give k(t).
-19
Let w be (-4)/16 + (25/4 - 2). Suppose 3*b + 30 = -w*k, 4 = 3*b + 2*k + 28. Let g(c) be the first derivative of -c**2/2 + 7*c - 5. Calculate g(b).
13
Let g(h) = -72*h + 2*h**2 + 3*h**3 + 73*h - h**3 + 0*h**2. Let d = -91 + 90. Determine g(d).
-1
Let q(h) be the first derivative of -h + 1/3*h**3 - 3*h**2 - 53. What is q(5)?
-6
Let i be 2/(-63) - (-1077846)/29106. Let z(s) = s**2 - 41*s + 150. What is z(i)?
2
Let x(y) = -y**2 - 6*y - 4. Suppose 4*a + 1 = -3*d, -5*d + 6*a - 25 = a. Let b be ((-6)/d - 3) + 3. Suppose -3*w - 3*s - 2 = -8*s, w - b = 3*s. Give x(w).
4
Let l(z) be the second derivative of -z**5/20 - 11*z**4/12 + 7*z**3/3 + 7*z**2/2 - 1184*z. What is l(-12)?
-17
Let r(c) be the first derivative of c**3/3 + 7*c**2/2 + 6*c - 6. Let n(a) = -a**2 - 28*a - 166. Let o be n(-20). Determine r(o).
0
Suppose -5*g = -2*q + 29, 3*q + 3*g + 5 = -4. Suppose 5*r = -5*c + 80, 40 + 64 = 5*r - c. Let j be q*5*4/r. Let i(a) = 4*a - 1. Give i(j).
7
Let a(x) be the first derivative of 3*x**2/2 + 8*x + 181. Determine a(-2).
2
Suppose 352 = 98*t - 102*t. Let z = 91 + t. Let p(u) = 3*u - 6. What is p(z)?
3
Let x(m) = 426*m - 2146. Let g be x(5). Let z(j) = 31*j + 495. Determine z(g).
-1
Let k(a) = a**3 + a**2 + a. Let b(m) = -7*m**3 - 11*m**2 + 14. Let x(g) = b(g) + 6*k(g). Determine x(-4).
-26
Let d = 8040 + -8038. Let g(h) = 4*h**3 - h**2 + 2*h + 1. What is g(d)?
33
Let s(n) be the first derivative of n**2/2 + 25*n - 340. Suppose -2 + 7 = -5*r, -3*r = -2*f + 3. Give s(f).
25
Suppose 167*b + 215 = -1090 - 866. Let c(a) = -a**3 - 13*a**2 + 8*a + 98. Calculate c(b).
-6
Let x(m) = -6 - 2*m**2 + 253*m + 0*m**3 - 5 - 241*m + 4*m**3. Give x(1).
3
Let x(c) = 3*c**2 - 12*c + 1. Let r be x(11). Let f be ((-12)/15)/(-4 - r/(-60)). Let v(b) = b**3 - 6*b**2 + b + 6. Determine v(f).
12
Suppose 453 + 1395 = 168*l. Let t(u) = -6*u - 1. What is t(l)?
-67
Let i(u) = -4*u - 2 + 2. Suppose 3*f = -4*b - 1112, 26*b - 31*b = -5*f - 1830. Let o = f + 369. Give i(o).
-4
Let q be 0 + -4 + 6 - 3/(-3). Let y(h) = 35 - h**3 + 4*h - 19 - 18 + 3*h**2. Calculate y(q).
10
Let o(c) = 27*c - 512. Suppose 4*s = 4*d - 104, 3*s + 47 = 5*d - 69. What is o(d)?
1
Let m(i) = 2*i - 38. Suppose 28*z + 34 = 315 + 223. Give m(z).
-2
Let d(k) be the first derivative of -5/2*k**2 + 67 + 2*k + 2/3*k**3. Determine d(3).
5
Let k(h) = -2*h**2 + h + 3. Suppose 4*n = -5*v + 10, -8*v + 10*v = 2*n - 14. Give k(v).
-7
Let y(i) = 43 - 19*i**2 - 18*i**2 + 38*i - 8 + 38*i**2 + 42. Determine y(-36).
5
Let h be 18/225 + 5174/325. Let m(x) = -3*x**2 + 49*x - 16. Determine m(h).
0
Let r(v) = -348*v + 36. Let i(w) = -56*w + 1. Let a(s) = 6*i(s) - r(s). Calculate a(2).
-6
Let r(k) = -5*k**2 - 8*k + 7*k + 5 + 12*k + 0*k + 3*k. Determine r(4).
-19
Let a(c) = -8*c - 86. Let p(t) = -22*t + 1088. Let d be p(50). Calculate a(d).
10
Let o(l) be the first derivative of 0*l**2 + 8*l + 121 + 1/4*l**4 - 2*l**3. What is o(6)?
8
Let g(d) be the third derivative of 2/3*d**3 + 1/60*d**5 + 3/8*d**4 + 0*d + 19 - 4*d**2. Calculate g(-9).
4
Let h = -84 + 87. Let c be ((-5)/2)/(h - (-164)/(-48)). Let f(n) = n**2 - 7*n - 2. Determine f(c).
-8
Let w(f) = -10200 + 20404 - 10204 + 14*f**2. Suppose -5 = g - 4*z + 16, -13 = -2*g - 3*z. What is w(g)?
14
Let g be -3 + 